c = i - -54. Is c a multiple of 13?
True
Suppose 4*z + 24 = u - 18, 3*z + 37 = u. Is u a multiple of 11?
True
Suppose -11*s = -7*s - 3*w - 787, 975 = 5*s + 5*w. Is 40 a factor of s?
False
Suppose 2*r + 330 = 4*m, -6*m + m + 405 = -r. Does 20 divide m?
True
Let c(z) = -z**3 + 4*z**2 + 3. Let m be c(4). Let f = m + 0. Does 2 divide (1 + -3)*f/(-2)?
False
Let s be 12/9*(-3)/(-2). Suppose -s*m - 1 = -3*m. Is 5 a factor of (0 - -16) + m + -2?
True
Let j = 21 - 4. Suppose 0*c + x - j = -c, -5*c + 75 = 3*x. Is 6 a factor of c?
True
Let k(j) = 6*j - 5. Let v(f) = f + 1. Let u(y) = -k(y) - 2*v(y). Does 16 divide u(-3)?
False
Let j(c) = 4*c**3 - 2*c**3 + c - 4*c**2 + 0*c**2 + 1 + 1. Is j(3) a multiple of 19?
False
Let f = -31 - -43. Does 6 divide f?
True
Suppose 3*l - 400 = -5*r - 26, 0 = -4*r - l + 295. Is 21 a factor of r?
False
Let c(z) = -z**3 - 5*z**2 + z + 5. Let a be c(-5). Suppose -o - 4*o - 25 = a, -2*o - 65 = -v. Let d = v - 27. Is d a multiple of 12?
False
Let o = 4 + 3. Suppose 4*a = 5*a - o. Is a a multiple of 4?
False
Suppose 5*y - y = 0. Suppose 5*q = l + 8, 2*l - 6 = -q - y*l. Suppose q*r = -5*f + 93, -2*f = -3*r + 104 + 7. Is r a multiple of 13?
True
Let o = 115 - 81. Is o a multiple of 7?
False
Let j(r) = 3*r**2 - 2*r + 1. Let u(z) = 6*z**2 - 4*z + 3. Let l(f) = 5*j(f) - 2*u(f). Let n = -5 - -3. Is l(n) a multiple of 5?
True
Let y(k) = 8*k**2 - 2*k. Is y(-2) a multiple of 18?
True
Suppose -2*d = 3*d + 10, -n + 8 = -3*d. Suppose -n*p = 9 - 89. Is p a multiple of 12?
False
Let g(b) = 5*b - 4. Let d(l) be the second derivative of -5*l**3/6 + 3*l**2/2 - 2*l. Let r(y) = -5*d(y) - 4*g(y). Is 13 a factor of r(5)?
True
Let m = 5 - 7. Let h(k) = 3*k**2 + 4*k + 3. Is 5 a factor of h(m)?
False
Suppose 3*g + 13 = 5*f, -f + 5*f - g - 9 = 0. Suppose k + 4 = -f. Let q(w) = w**3 + 8*w**2 + 7*w - 6. Does 12 divide q(k)?
True
Let j = 68 + -9. Is 17 a factor of j?
False
Suppose 0*f + 5*f = 380. Suppose -v = -f + 22. Is 12 a factor of v?
False
Let t be (2 - (2 + -2)) + -26. Let p be t/(-2)*(-4)/(-6). Suppose -2*f + 8 = -p. Does 4 divide f?
True
Let b(g) = -g**3 - 3*g**2 - 2*g - 4. Let a be b(-3). Suppose -5*c + a*z + 40 = 0, -c - 4*c - 2*z + 40 = 0. Does 4 divide c?
True
Suppose -2*h + 10 = -2. Is h even?
True
Let k(j) = 3*j**2 - 7*j - 1. Is k(5) a multiple of 14?
False
Suppose 20 = -5*q - 5*n, -21 = 5*q + n + 19. Let s = 33 + q. Is s a multiple of 12?
True
Suppose -n - 4*t + 35 = -1, 5*t = n - 36. Is (n/(-21))/(4/(-28)) a multiple of 12?
True
Let x(k) be the first derivative of -k**3/3 + 9*k**2/2 - 10*k + 1. Let u be x(7). Does 10 divide ((-5)/u)/(4/(-32))?
True
Suppose -6*u = -3*u. Suppose -3*y = -4*k - 1 - 0, u = 4*y + k - 14. Is 2 a factor of y?
False
Suppose 8*f = 3*f + 20. Suppose -6 + 0 = -3*c. Suppose -a + c*a = -5*v + 21, -a = f. Is v a multiple of 3?
False
Suppose 36 = 8*i - 5*i. Does 6 divide i?
True
Let m = 54 + -9. Is m a multiple of 17?
False
Let n = 29 - -24. Is 11 a factor of n?
False
Let p = -151 - -176. Does 6 divide p?
False
Let z = -5 - -13. Suppose t - 3*y = 14, 4*t + 0*y + 4*y - z = 0. Suppose 68 = 3*o + t. Is 13 a factor of o?
False
Does 2 divide (-3)/6 + 43/2?
False
Let f = 124 - 3. Does 18 divide f?
False
Let w = 222 - 108. Is 19 a factor of w?
True
Let d = -86 + 146. Does 20 divide d?
True
Let g(k) = k**2. Let i(m) = 10*m**2 - 2*m - 2. Let w(s) = 8*g(s) - i(s). Let t(u) = u**2 + u. Let c(z) = t(z) - w(z). Does 4 divide c(2)?
True
Suppose 2*q + 3*o = -0*q + 54, -4*o + 81 = 3*q. Is q a multiple of 9?
True
Suppose i - 5 - 37 = 0. Suppose 3*s + 0*s = i. Is s a multiple of 6?
False
Suppose 3*l = 5*w - 11, -w = -0*l + 2*l + 3. Let o be -5*1*(-1)/w. Suppose o*g - 95 = -5*f, -7 = 4*f + 5. Is 9 a factor of g?
False
Let a(x) = -4*x + 2. Is a(-10) a multiple of 25?
False
Let s = 147 + -79. Does 4 divide s?
True
Suppose -20 = 5*q, 0*b = -2*b + 2*q + 78. Is b a multiple of 23?
False
Let d be (-4)/(16/6)*2. Let z(v) = -2 + 4*v**2 + 0 - v + v**3 + 0*v. Is 5 a factor of z(d)?
True
Let m(i) = 0*i**2 - 3*i**2 - 8 + 4*i - 1 + 4*i**2. Is m(-7) a multiple of 12?
True
Let t = -9 - -16. Let j = 18 - t. Is 5 a factor of j?
False
Suppose -18*x - 56 = -22*x. Is x a multiple of 14?
True
Suppose -3 = 3*b - 15. Suppose 0 = b*o - 42 - 106. Suppose 0 = -5*j + o + 43. Is j a multiple of 8?
True
Suppose -z - 4 = -5, -4*h - 4*z = 8. Let q = h - 0. Let r(b) = 2*b**2 - 1. Is r(q) a multiple of 17?
True
Let l be 3 - -3*1/(-1). Suppose k + l*k = -4. Does 18 divide 242/6 - k/6?
False
Let m(s) = 12*s - 14. Let p be m(11). Let a = p - 58. Does 20 divide a?
True
Does 20 divide 1/(-3)*-9 + 36?
False
Suppose 5*q - q = 0. Suppose -t - 2*t - 12 = q. Let s(a) = -a**3 - 3*a**2 - a - 1. Is s(t) a multiple of 11?
False
Let v(m) = -m + 6. Let s be v(-5). Let r = s + -7. Suppose -3*n = -0*n + y - 62, -4*n + r*y + 104 = 0. Is 15 a factor of n?
False
Let d(i) = 9*i**2 + 16*i + 5. Let v(g) = -5*g**2 - 8*g - 3. Let j(o) = -4*d(o) - 7*v(o). Does 4 divide j(-7)?
True
Suppose 0 = -2*w + 4 + 2. Suppose w*j - 6 = 2*j. Is j a multiple of 2?
True
Let k(p) = 11*p + 2*p**2 - 3 + 6 - 10*p - 4. Is 7 a factor of k(4)?
True
Let r be (-2)/5*-5 + 22. Is 4 a factor of 16/r + 44/6?
True
Let y(x) = -x**2 - 5*x - 2. Let p be y(-4). Suppose -6*r = -r - 120. Suppose v - r = -p. Is v a multiple of 11?
True
Suppose -7*h + 2*h - 3*p = -294, -h + p = -62. Suppose -375 = -5*a - 5*m, h = -2*a - m + 211. Is a a multiple of 32?
False
Let b = 8 + -8. Suppose u + u - 10 = b. Is u a multiple of 2?
False
Let x(c) = c + 6. Let b be x(0). Is 2/(-3) + 184/b a multiple of 12?
False
Let p be (-2 + (2 - 0))/(-1). Suppose 2*o = -p*o + 94. Is 19 a factor of o?
False
Suppose -x + 4 = -3*x. Let c be 0*(2 + x + 1). Suppose c = -2*j + 4 + 18. Does 11 divide j?
True
Let n(z) = -z**3 - 7*z**2 + 7*z - 7. Let c be n(-7). Let w = c - -102. Does 16 divide w?
False
Suppose -16 = -2*p - 10. Suppose 2*z = -2*s + 32, 2*s + 3*z - 20 = 16. Suppose 0 = p*n - 18 - s. Is 5 a factor of n?
True
Let c(j) = 5*j**3 - j. Let n be c(2). Let d be ((-22)/5)/((-4)/20). Suppose -5*r + n + d = 0. Does 12 divide r?
True
Let m = -1 - -12. Suppose 8*s = m*s - 27. Does 9 divide s?
True
Is 5 a factor of (-48)/(-5) + (-2)/(-5)?
True
Let j(u) be the third derivative of u**5/30 - u**4/12 + u**3/3 + u**2. Is j(4) a multiple of 16?
False
Let v(x) = x**2 - 7*x + 20. Does 5 divide v(7)?
True
Let x be 1 + (0 - -2)/2. Suppose -x*c + 14 + 50 = 0. Is c a multiple of 29?
False
Suppose 174 = y + 3*c, 4*y - 2*y + c = 323. Suppose -55 = 4*k - y. Is 16 a factor of k?
False
Let c(o) = -o. Let j(b) = 7*b + 11. Let p(f) = 6*c(f) + j(f). Let a be p(-8). Suppose 4*q = 0, -g + 60 = 4*g - a*q. Does 6 divide g?
True
Suppose 34 = -5*p - 6. Is 12/(-5)*20/p a multiple of 3?
True
Let l(a) = 3*a**3 - 2*a**2 + a. Let y be l(1). Does 25 divide y/(8/292) - -2?
True
Suppose -4*l - 3*p = -13, -p = 5*l - 5*p - 24. Let j(s) = s - 4. Let k be j(4). Suppose l*t = -k*t + 28. Does 4 divide t?
False
Let x = 73 - 61. Suppose 0 = d - 3*d. Suppose -x = -d*b - b. Is b a multiple of 6?
True
Let s(o) = -55*o**3 - 2*o + 1. Let a be s(1). Let d = a - -95. Does 10 divide d?
False
Let a = 17 + -11. Does 2 divide a?
True
Let f = -4 + 48. Does 6 divide f?
False
Suppose -4*o = 5*r - r + 96, -80 = 5*o - 3*r. Let z = o - -11. Let u = z + 14. Does 3 divide u?
True
Let m = -21 + 25. Let c = 26 - m. Is 19 a factor of c?
False
Suppose 4*r = -r + 30. Let b be 8/r*1*15. Suppose -5*z + b = -z. Is 4 a factor of z?
False
Suppose -642 = -4*z - n - n, -4*z + 637 = -3*n. Is z a multiple of 20?
True
Suppose -w + 0 = 2. Is (-552)/(-21) + w/7 a multiple of 10?
False
Suppose 4*l - 13 - 7 = 0. Let g(c) = 2*c + 4. Does 14 divide g(l)?
True
Let k(q) = -q**2 - q + 3. Let y be k(0). Suppose 0 = 5*v, -y*m - 3*v + 2*v = -6. Let o = 6 + m. Does 4 divide o?
True
Let a = 102 - 34. Does 17 divide a?
True
Let v be 42/12 + 2/4. Suppose 4*l + 5*b = 61, v*l - 2*b + 3*b = 57. Is l a multiple of 7?
True
Suppose -86 = 65*b - 66*b. Does 14 divide b?
False
Let u = -40 - -61. Is u a multiple of 7?
True
Let p(s) = 50*s**2 - 3*s + 10. Is p(2) a multiple of 18?
False
Let h = -18 - -23. Suppose 27 - 112 = -h*a. Does 11 divide a?
False
Suppose b + 21 = -4*a - 1, a = -b - 19. Let t = -4 - b. Is t a multiple of 12?
False
Suppose -7*d = -201 - 632. Is d 